(h) = -h**2 - 14*h + 15. Let a be k(-14). Let w = a + -10. Let b(g) = 0 + 0*g + 2 - 2*g. Calculate b(w).
-8
Let q(b) = -15*b**2 - b + 1. Let r = 19 - 18. Calculate q(r).
-15
Suppose l - 12 = 3*d, 4*d + l - 5*l = -8. Let k(r) = -r**2 - 4*r + 6. Give k(d).
1
Let l(o) = -4*o - 1. Suppose -4*j + 16 = -0*j. Give l(j).
-17
Let f be (-25)/(-9) - 2/(-9). Let k(i) = -7*i + i + f*i. Suppose 234 - 228 = 2*t. What is k(t)?
-9
Let o(b) = 77*b - 77*b + b**3 + 0 + 1 - 3*b**2. What is o(3)?
1
Let b(o) = o**3 + 7*o**2 - 9*o - 2. Let c = -7 - 1. Calculate b(c).
6
Let j(w) = w**3 + 2*w**2 - w. Suppose 0 = n + 1 - 0. Let p be (4 + -3)/(n - -2). Calculate j(p).
2
Suppose j + 19 = -3*q, 0 = -q - 4*j - 12 + 2. Let x(r) be the third derivative of -r**6/120 - r**5/12 + 7*r**4/24 + 2*r**3/3 + 4*r**2. Give x(q).
-2
Let q be (-70)/10 - (-8)/2. Let h(k) = k**3 + 2*k**2 - 3*k + 2. What is h(q)?
2
Suppose 3*t = -2*z - 21, 4*t + 0*z + 5*z = -21. Let o(b) = b**2 + 7*b - 13. Calculate o(t).
5
Let x(y) = y**2 + 3*y + 3. Let o(s) = s**3 + 6*s**2 + 5 + 6*s + 5 - 7. Let q be o(-5). Determine x(q).
1
Let q(h) = -3*h**3 - 3*h**2 + 3*h + 23. Let o(g) = g**3 + g**2 - g - 8. Let l(p) = 17*o(p) + 6*q(p). Let w(m) = m**2 + 5*m. Let i be w(-5). Determine l(i).
2
Let s(r) = 5*r**2 - 1. Let f be s(-1). Let u = f - 2. Let c(v) = -10 + 3 - 5*v - 3*v**2 + 4*v**u. Determine c(5).
-7
Suppose -o - 122 = 3*h - 3*o, h = 5*o - 32. Let m be h/8 - (-2)/8. Let s(i) = -i**2 - 4*i + 6. Calculate s(m).
1
Suppose 9 = -4*b + 3*o, 3*o - 13 = 3*b + 7*o. Let z = -17 - b. Let g be z/(-2)*-1 - -2. Let t(r) = r + 2. Determine t(g).
-3
Let p be (3 - -2) + (0 - 1). Let a(k) = k - 3. Calculate a(p).
1
Let p(d) = -165*d + 331*d - 4 - 170*d. Give p(3).
-16
Let v(u) = -6. Suppose 0 = -2*h + h - 2. Let l = h - -7. Let x(r) = r + 13. Let y(g) = l*v(g) + 2*x(g). Calculate y(4).
4
Let b(w) = 6*w + 1. Let i be 2/(-4) - (-30)/20. Calculate b(i).
7
Suppose -4*i - 1 = -3*i. Suppose 8 = 2*m + u, m + 2 = 5*u - 16. Let j(g) = -m*g**2 - 2*g + 4*g**3 + 2*g + 1. Calculate j(i).
-5
Let h be -1 + 2 + 2 + -1. Let x(b) = -8*b + 6 + 2*b - 4 + b**h. Let m be 15/(-60) + 25/4. Calculate x(m).
2
Let o(z) = z**3 - 4*z**2 - 4*z + 4. Suppose -30 = m - 7*m. Calculate o(m).
9
Let n be ((-6)/(-3))/((-8)/(-16)). Let b(k) = 2*k - 3. Calculate b(n).
5
Suppose 9 = -5*d - 4*i - 8, 9 = -3*i. Let o(l) = -10*l + 1. Determine o(d).
11
Let c(n) = -76 + 2*n - 7*n + 75. What is c(1)?
-6
Let d(b) = -4*b**2 - 6*b + 3 - 5*b + 14*b. Give d(-2).
-19
Let c(d) = 2*d + 6. Let b(u) = u + 6. Let k be b(8). Let a = k - 18. Give c(a).
-2
Let h = -3/10 - -4/5. Let q(c) be the first derivative of -c + h*c**2 - 2. Determine q(-5).
-6
Suppose -1 = m - 3. Suppose -5*a - 10 = -0*i - m*i, i = -3*a + 5. Let p(r) = -4*r + 5. Give p(i).
-15
Let p(t) = -2*t**3 + 7*t**2 - t - 5. Let w(f) = -f**3 + 4*f**2 - f - 3. Let g(c) = 3*p(c) - 5*w(c). What is g(2)?
0
Let l(n) be the second derivative of -n**4/12 - n**3/6 + 5*n**2/2 + 2*n. Let z(w) be the second derivative of w**4/12 - w**2/2 - w. Let r be z(-1). Give l(r).
5
Let h(l) = -l**3 + 3*l**2 + 5*l - 4. Let y = -11 + 16. Suppose -y*s - 5 = -25. Give h(s).
0
Let m(h) = 5*h + 1. Let y be (-1 - -2) + (-2 - 1). What is m(y)?
-9
Suppose 2*t + 7 + 9 = 0. Let v(c) = c + 2. Calculate v(t).
-6
Suppose -9 = -3*h, 0 = -4*t + 3*h - 8 - 21. Suppose 3 = -3*z + 9. Let y(p) = p - 3 + p**z + 5*p + 5 - 3. Determine y(t).
-6
Let x(c) = -3*c**3 - 9*c**2 - 15*c + 17. Let l(m) = 5*m**3 + 18*m**2 + 29*m - 33. Let i(q) = -4*l(q) - 7*x(q). Let u be i(10). Let v(h) = -h. Give v(u).
-3
Let f(i) = -i**2 - 6*i - 7. Let w(h) = -2*h - 5. Let b be w(0). What is f(b)?
-2
Let f(o) = -o - 2. Let s = -7 + 10. Suppose s*r - 7 = -x, 0*x = x + 5*r - 7. Suppose 3*l + 29 = -4*u, -x*l - 15 = -2*l. Give f(u).
3
Let l(q) be the second derivative of 4/3*q**3 - 6*q - 1/12*q**4 + 0 - 5/2*q**2. What is l(4)?
11
Suppose -2*d - 3*k = 8 + 9, 4*k + 15 = 5*d. Let a(p) = 10*p - 1. Give a(d).
-11
Let i(p) = p**3 + 4*p**2 - 7*p - 7. Let t be i(-5). Let l be 2 - (6 + 0)/t. Let y(c) = -c**3 - c**2 + c - 2. Determine y(l).
-2
Let s be (-2 - 2)*1 - 2. Let b be ((-1)/3)/((-2)/s). Let j(i) be the first derivative of 3*i**4/2 + i**2/2 + 1. Calculate j(b).
-7
Let p(t) = -t**3 + 3*t**2 - 3*t + 5. Let w(n) = -n**3 + 2*n**2 - 2*n + 5. Let q(h) = 4*p(h) - 3*w(h). What is q(5)?
0
Let p be (2/(-3))/(12/(-90)) + 1. Let u(a) = a**3 - 5*a**2 - 7*a - 3. Determine u(p).
-9
Let x(f) = 4*f**2 + 2*f - 1. Suppose -3*l + 8 = 2*u, 3*l - 7*l + 8 = 4*u. What is x(u)?
11
Let u(n) = -8*n**2 - 2*n - 1. Let c be (2 - 2/(-2)) + -9. Let h be 6/(-4)*c/(-9). What is u(h)?
-7
Suppose 5 - 1 = j. Let v(x) = -2*x + 6. Determine v(j).
-2
Let b(v) = v**2 - v - 3. Suppose -5*a + 4*j + 8 = 0, a + 8 + 3 = 5*j. Suppose 17 = a*f + 5. Determine b(f).
3
Let a(u) = 3*u + 10. Let z(k) = -21*k + 56. Let f be z(3). What is a(f)?
-11
Let l(r) = r + 2. Let c(q) = -3*q - 5. Let x(a) = 4*c(a) + 11*l(a). Suppose 0 = -6*v + v - 5. Let m = v - -1. Determine x(m).
2
Let r = -7 + 9. Let i(w) be the second derivative of 0*w**3 - w - 1/4*w**5 + 0 + 1/12*w**4 + 0*w**r. What is i(-1)?
6
Let j be ((-21)/(-9))/(2/(-6)). Let n = -10 - j. Let z(u) = 0*u**3 + 4*u - u**2 - u**3 + 0*u. What is z(n)?
6
Let m(r) = 11*r**2 - 10*r + 26. Let d(z) be the first derivative of -4*z**3/3 + 3*z**2/2 - 9*z + 6. Let u(o) = -8*d(o) - 3*m(o). Determine u(4).
2
Let o(g) be the third derivative of -g**8/6720 + g**6/720 + g**5/120 + g**4/12 - 3*g**2. Let y(i) be the second derivative of o(i). What is y(-2)?
7
Let t(r) = r**2 - 6*r + 5. Let w be t(5). Let l = 5 - w. Suppose 0 = -3*k + l + 7. Let u(c) = -3*c + 3. Calculate u(k).
-9
Let y(w) = -8*w**2 + 30*w + 19. Let o(k) = -3*k**2 + 10*k + 6. Let i(h) = -11*o(h) + 4*y(h). Determine i(-8).
-6
Let x(c) be the third derivative of -c**5/60 - c**4/4 - c**3/6 + c**2. Let a = 62 - 66. Calculate x(a).
7
Let a(l) = -l**2 + 6*l. Let t be a(6). Let r = 3 + t. Let j(y) be the second derivative of -y**5/20 + y**4/12 + 2*y**3/3 - 3*y**2/2 + 6*y. Give j(r).
-9
Suppose 0*w = -5*w - 10. Let a(n) = -2*n**2 + 0 + 0 - n + 1. What is a(w)?
-5
Suppose -17 + 2 = -3*z. Suppose -s + 4*q - z = 0, -5*s - 8 = -2*q + 35. Let p be 1/(3/s + 0). Let c(j) = j - 3. Determine c(p).
-6
Let i(f) = -5*f**2 - 4. Suppose -6*o + 30 = -o. Let z(v) = -v**2. Suppose 2*j - 5*j = 3. Let b(n) = j*i(n) + o*z(n). What is b(-3)?
-5
Let r(c) = c + 1. Let k(h) = 3*h + 15. Let p(a) = k(a) - 4*r(a). What is p(5)?
6
Let b(n) = n**2 + 8*n. Let o = 74 - 82. Give b(o).
0
Let u(c) be the second derivative of -c**4/12 + c**3/6 - c. Let b(g) = 5*g**2 - 10*g + 7. Let i(s) = -b(s) - 4*u(s). What is i(5)?
-2
Let s = 2 + -3. Let v(k) = -k**3 + 2*k**2 - k + 1. Let r(x) = x - 1. Suppose -4*j = -5*c + j, -c - 8 = 3*j. Let l(o) = c*r(o) + s*v(o). Give l(3).
7
Let l(x) = -3*x**2 - 4. Let q(w) = 4*w**2 + 5. Let n(m) = 3*l(m) + 2*q(m). What is n(2)?
-6
Let t(r) = -2*r. Suppose -3*o = 17 - 50. Suppose -4*i + 5*d - 2*d = -13, 3*d - o = -2*i. What is t(i)?
-8
Let j(s) = -5*s + 33. Let x(y) = -3*y + 17. Let i(k) = -4*j(k) + 7*x(k). Suppose -h - 66 = 3*n - 23, 0 = n - 3*h + 11. Let f = 14 + n. What is i(f)?
-13
Suppose -20 = 5*c + 5*x, -4*x = c - 2*c - 14. Let t(p) = p**3 + 7*p**2 + 8*p + 6. What is t(c)?
-6
Suppose -7*k = -0*k - 14. Let v(h) be the second derivative of 3*h + 1/6*h**3 + 0 - 2*h**k. Calculate v(-3).
-7
Let t(v) be the first derivative of -v**4/4 - 2*v**3 - v**2/2 - 7*v + 29. Determine t(-6).
-1
Suppose -14*q - 134 = -8. Let c(s) = -s**2 - 8*s + 3. Give c(q).
-6
Suppose -j - 4 = 3*j, 2*v + 4*j = 0. Let o(r) be the first derivative of -v*r - 1/2*r**2 + 2. Give o(3).
-5
Let m(i) = i**2 + 9*i - 3. Let n be m(-9). Let h(u) = -u**3 - 4*u**2 + 4. What is h(n)?
-5
Let h(x) = -2*x + 3. Suppose 0*u = -4*o + 5*u + 31, 15 = -5*u. Calculate h(o).
-5
Let f be 8 + -4 + -1 + 1. Suppose t + 0 = -f. Let g(w) = 7*w**3 + 10*w**2 + 7*w - 3. Let z(q) = -q**3 - q**2 - q. Let l(j) = g(j) + 6*z(j). Calculate l(t).
-7
Let o be (3 - -1) + (-3)/1. Let k(y) be the second derivative of -y**5/24 - y**4/24 + y**3/2 + 2*y. Let q(j) be the second derivative of k(j). Calculate q(o).
-6
Let x(z) = z**3 + 7*z**2 - 2. Let c be x(-7). Let s(d) = d**3 + 2*d**2 - d - 2. Determine s(c).
0
Suppose 5*z + h - 10 - 5 = 0, -2*z - 